{"id":138,"date":"2022-03-25T15:49:18","date_gmt":"2022-03-25T14:49:18","guid":{"rendered":"https:\/\/nasiutecenci.sk\/rifugio\/?page_id=138"},"modified":"2024-04-20T19:04:09","modified_gmt":"2024-04-20T17:04:09","slug":"o-nas","status":"publish","type":"page","link":"https:\/\/nasiutecenci.sk\/rifugio\/o-nas\/","title":{"rendered":"O n\u00e1s"},"content":{"rendered":"\n<p><strong>\u010co je RIFUGIO? <\/strong><\/p>\n\n\n\n<p>Projekt RIFUGIO a jeho t\u00edm vypom\u00e1ha pri integr\u00e1cii os\u00f4b s udelen\u00fdm azylom a poskytnutou doplnkovou ochranou. <\/p>\n\n\n\n<p><strong>Ak\u00fa pomoc poskytuje? <\/strong><\/p>\n\n\n\n<p>Pon\u00fakame odborn\u00fa pomoc vo viacer\u00fdch oblastiach integr\u00e1cie ako je integr\u00e1cia na trhu pr\u00e1ce, soci\u00e1lna, zdravotn\u00e1 a v neposlednom rade aj \u0161kolsk\u00e1 integr\u00e1cia. Na\u0161i pracovnici a pracovn\u00ed\u010dky poskytuj\u00fa soci\u00e1lne poradenstvo, soci\u00e1lne asistencie a sprievodn\u00e9 aktivity, ktor\u00e9 dopom\u00e1haj\u00fa k \u00faspe\u0161nej integr\u00e1cii cudzincov z r\u00f4znych kraj\u00edn na Slovensku. <\/p>\n\n\n\n<p><strong>Kde sa realizuje projekt? <\/strong><\/p>\n\n\n\n<p>Projekt sa realizuje na celom \u00fazem\u00ed SR prim\u00e1rne cez kancel\u00e1rie SHR v Bratislave a v Ko\u0161iciach.<\/p>\n\n\n\n<p><strong>Bratislava: <\/strong>Budy\u0161\u00ednska 1<\/p>\n\n\n\n<p><strong>Kosice:<\/strong> Hlavna 70<\/p>\n\n\n\n<p><\/p>\n\n\n\n<div class=\"wp-block-columns is-layout-flex wp-container-core-columns-is-layout-9d6595d7 wp-block-columns-is-layout-flex\">\n<div class=\"wp-block-column is-layout-flow wp-block-column-is-layout-flow\" style=\"flex-basis:100%\">\n<div class=\"wp-block-group\"><div class=\"wp-block-group__inner-container is-layout-flow wp-block-group-is-layout-flow\">\n<h2 class=\"wp-block-heading\"><strong>ABOUT US <\/strong><\/h2>\n<\/div><\/div>\n<\/div>\n<\/div>\n\n\n\n<p><strong>What is RIFUGIO?<\/strong><\/p>\n\n\n\n<p>The RIFUGIO project and its team help in the integration of asylum seekers and people with subsidiary protection.<\/p>\n\n\n\n<p><strong>What help does he provide?<\/strong><\/p>\n\n\n\n<p>We offer professional assistance in several areas of integration, such as labour market integration, social, health and, last but not least, school integration. Our social workers provide social counseling, social assistance and accompanying activities that help successfully integrate foreigners from various countries.<\/p>\n\n\n\n<p><strong>Where is the project implemented?<\/strong><\/p>\n\n\n\n<p>The project is implemented throughout the Slovak Republic primarily at SHR offices in Bratislava and Ko\u0161ice.<\/p>\n\n\n\n<p>Bratislava: Budy\u0161\u00ednska 1<\/p>\n\n\n\n<p>Kosice: Hlavna 70<\/p>\n\n\n\n<div class=\"wp-block-columns is-layout-flex wp-container-core-columns-is-layout-9d6595d7 wp-block-columns-is-layout-flex\">\n<div class=\"wp-block-column is-layout-flow wp-block-column-is-layout-flow\" style=\"flex-basis:100%\">\n<figure class=\"wp-block-gallery has-nested-images columns-default is-cropped wp-block-gallery-1 is-layout-flex wp-block-gallery-is-layout-flex\">\n<figure class=\"wp-block-image size-large\"><img loading=\"lazy\" decoding=\"async\" width=\"1024\" height=\"683\" data-id=\"430\" src=\"https:\/\/nasiutecenci.sk\/rifugio\/wp-content\/uploads\/2024\/04\/e7b252aa-5040-453b-955e-5a9ae887f5aa_phpefnkej.jpg\" alt=\"\" class=\"wp-image-430\" srcset=\"https:\/\/nasiutecenci.sk\/rifugio\/wp-content\/uploads\/2024\/04\/e7b252aa-5040-453b-955e-5a9ae887f5aa_phpefnkej.jpg 1024w, https:\/\/nasiutecenci.sk\/rifugio\/wp-content\/uploads\/2024\/04\/e7b252aa-5040-453b-955e-5a9ae887f5aa_phpefnkej-300x200.jpg 300w, https:\/\/nasiutecenci.sk\/rifugio\/wp-content\/uploads\/2024\/04\/e7b252aa-5040-453b-955e-5a9ae887f5aa_phpefnkej-768x512.jpg 768w, https:\/\/nasiutecenci.sk\/rifugio\/wp-content\/uploads\/2024\/04\/e7b252aa-5040-453b-955e-5a9ae887f5aa_phpefnkej-90x60.jpg 90w\" sizes=\"auto, (max-width: 1024px) 100vw, 1024px\" \/><\/figure>\n<\/figure>\n<\/div>\n<\/div>\n\n\n\n<figure class=\"wp-block-image size-large\"><img loading=\"lazy\" decoding=\"async\" width=\"1024\" height=\"684\" src=\"https:\/\/nasiutecenci.sk\/rifugio\/wp-content\/uploads\/2024\/04\/Karneval-3-1024x684.jpg\" alt=\"\" class=\"wp-image-429\" srcset=\"https:\/\/nasiutecenci.sk\/rifugio\/wp-content\/uploads\/2024\/04\/Karneval-3-1024x684.jpg 1024w, https:\/\/nasiutecenci.sk\/rifugio\/wp-content\/uploads\/2024\/04\/Karneval-3-300x200.jpg 300w, https:\/\/nasiutecenci.sk\/rifugio\/wp-content\/uploads\/2024\/04\/Karneval-3-768x513.jpg 768w, https:\/\/nasiutecenci.sk\/rifugio\/wp-content\/uploads\/2024\/04\/Karneval-3-1536x1025.jpg 1536w, https:\/\/nasiutecenci.sk\/rifugio\/wp-content\/uploads\/2024\/04\/Karneval-3-90x60.jpg 90w, https:\/\/nasiutecenci.sk\/rifugio\/wp-content\/uploads\/2024\/04\/Karneval-3.jpg 1618w\" sizes=\"auto, (max-width: 1024px) 100vw, 1024px\" \/><\/figure>\n\n\n\n<figure class=\"wp-block-gallery has-nested-images columns-default is-cropped wp-block-gallery-2 is-layout-flex wp-block-gallery-is-layout-flex\"><\/figure>\n","protected":false},"excerpt":{"rendered":"<p>\u010co je RIFUGIO? Projekt RIFUGIO a jeho t\u00edm vypom\u00e1ha pri integr\u00e1cii os\u00f4b s udelen\u00fdm azylom a poskytnutou doplnkovou ochranou. Ak\u00fa pomoc poskytuje? Pon\u00fakame odborn\u00fa pomoc vo viacer\u00fdch oblastiach integr\u00e1cie ako je integr\u00e1cia na trhu pr\u00e1ce, soci\u00e1lna, zdravotn\u00e1 a v neposlednom rade aj \u0161kolsk\u00e1 integr\u00e1cia. Na\u0161i pracovnici a pracovn\u00ed\u010dky poskytuj\u00fa soci\u00e1lne poradenstvo, soci\u00e1lne asistencie a sprievodn\u00e9 &hellip; <\/p>\n","protected":false},"author":1,"featured_media":432,"parent":0,"menu_order":0,"comment_status":"closed","ping_status":"closed","template":"","meta":{"footnotes":""},"class_list":["post-138","page","type-page","status-publish","has-post-thumbnail","hentry"],"_links":{"self":[{"href":"https:\/\/nasiutecenci.sk\/rifugio\/wp-json\/wp\/v2\/pages\/138","targetHints":{"allow":["GET"]}}],"collection":[{"href":"https:\/\/nasiutecenci.sk\/rifugio\/wp-json\/wp\/v2\/pages"}],"about":[{"href":"https:\/\/nasiutecenci.sk\/rifugio\/wp-json\/wp\/v2\/types\/page"}],"author":[{"embeddable":true,"href":"https:\/\/nasiutecenci.sk\/rifugio\/wp-json\/wp\/v2\/users\/1"}],"replies":[{"embeddable":true,"href":"https:\/\/nasiutecenci.sk\/rifugio\/wp-json\/wp\/v2\/comments?post=138"}],"version-history":[{"count":11,"href":"https:\/\/nasiutecenci.sk\/rifugio\/wp-json\/wp\/v2\/pages\/138\/revisions"}],"predecessor-version":[{"id":500,"href":"https:\/\/nasiutecenci.sk\/rifugio\/wp-json\/wp\/v2\/pages\/138\/revisions\/500"}],"wp:featuredmedia":[{"embeddable":true,"href":"https:\/\/nasiutecenci.sk\/rifugio\/wp-json\/wp\/v2\/media\/432"}],"wp:attachment":[{"href":"https:\/\/nasiutecenci.sk\/rifugio\/wp-json\/wp\/v2\/media?parent=138"}],"curies":[{"name":"wp","href":"https:\/\/api.w.org\/{rel}","templated":true}]}}

O nás

<p><strong>Čo je RIFUGIO? </strong></p>



<p>Projekt RIFUGIO a jeho tím vypomáha pri integrácii osôb s udeleným azylom a poskytnutou doplnkovou ochranou. </p>



<p><strong>Akú pomoc poskytuje? </strong></p>



<p>Ponúkame odbornú pomoc vo viacerých oblastiach integrácie ako je integrácia na trhu práce, sociálna, zdravotná a v neposlednom rade aj školská integrácia. Naši pracovnici a pracovníčky poskytujú sociálne poradenstvo, sociálne asistencie a sprievodné aktivity, ktoré dopomáhajú k úspešnej integrácii cudzincov z rôznych krajín na Slovensku. </p>



<p><strong>Kde sa realizuje projekt? </strong></p>



<p>Projekt sa realizuje na celom území SR primárne cez kancelárie SHR v Bratislave a v Košiciach.</p>



<p><strong>Bratislava: </strong>Budyšínska 1</p>



<p><strong>Kosice:</strong> Hlavna 70</p>



<p></p>



<div class="wp-block-columns is-layout-flex wp-container-core-columns-is-layout-9d6595d7 wp-block-columns-is-layout-flex">
<div class="wp-block-column is-layout-flow wp-block-column-is-layout-flow" style="flex-basis:100%">
<div class="wp-block-group"><div class="wp-block-group__inner-container is-layout-flow wp-block-group-is-layout-flow">
<h2 class="wp-block-heading"><strong>ABOUT US </strong></h2>
</div></div>
</div>
</div>



<p><strong>What is RIFUGIO?</strong></p>



<p>The RIFUGIO project and its team help in the integration of asylum seekers and people with subsidiary protection.</p>



<p><strong>What help does he provide?</strong></p>



<p>We offer professional assistance in several areas of integration, such as labour market integration, social, health and, last but not least, school integration. Our social workers provide social counseling, social assistance and accompanying activities that help successfully integrate foreigners from various countries.</p>



<p><strong>Where is the project implemented?</strong></p>



<p>The project is implemented throughout the Slovak Republic primarily at SHR offices in Bratislava and Košice.</p>



<p>Bratislava: Budyšínska 1</p>



<p>Kosice: Hlavna 70</p>



<div class="wp-block-columns is-layout-flex wp-container-core-columns-is-layout-9d6595d7 wp-block-columns-is-layout-flex">
<div class="wp-block-column is-layout-flow wp-block-column-is-layout-flow" style="flex-basis:100%">
<figure class="wp-block-gallery has-nested-images columns-default is-cropped wp-block-gallery-1 is-layout-flex wp-block-gallery-is-layout-flex">
<figure class="wp-block-image size-large"><img loading="lazy" decoding="async" width="1024" height="683" data-id="430" src="https://nasiutecenci.sk/rifugio/wp-content/uploads/2024/04/e7b252aa-5040-453b-955e-5a9ae887f5aa_phpefnkej.jpg" alt="" class="wp-image-430" srcset="https://nasiutecenci.sk/rifugio/wp-content/uploads/2024/04/e7b252aa-5040-453b-955e-5a9ae887f5aa_phpefnkej.jpg 1024w, https://nasiutecenci.sk/rifugio/wp-content/uploads/2024/04/e7b252aa-5040-453b-955e-5a9ae887f5aa_phpefnkej-300x200.jpg 300w, https://nasiutecenci.sk/rifugio/wp-content/uploads/2024/04/e7b252aa-5040-453b-955e-5a9ae887f5aa_phpefnkej-768x512.jpg 768w, https://nasiutecenci.sk/rifugio/wp-content/uploads/2024/04/e7b252aa-5040-453b-955e-5a9ae887f5aa_phpefnkej-90x60.jpg 90w" sizes="auto, (max-width: 1024px) 100vw, 1024px" /></figure>
</figure>
</div>
</div>



<figure class="wp-block-image size-large"><img loading="lazy" decoding="async" width="1024" height="684" src="https://nasiutecenci.sk/rifugio/wp-content/uploads/2024/04/Karneval-3-1024x684.jpg" alt="" class="wp-image-429" srcset="https://nasiutecenci.sk/rifugio/wp-content/uploads/2024/04/Karneval-3-1024x684.jpg 1024w, https://nasiutecenci.sk/rifugio/wp-content/uploads/2024/04/Karneval-3-300x200.jpg 300w, https://nasiutecenci.sk/rifugio/wp-content/uploads/2024/04/Karneval-3-768x513.jpg 768w, https://nasiutecenci.sk/rifugio/wp-content/uploads/2024/04/Karneval-3-1536x1025.jpg 1536w, https://nasiutecenci.sk/rifugio/wp-content/uploads/2024/04/Karneval-3-90x60.jpg 90w, https://nasiutecenci.sk/rifugio/wp-content/uploads/2024/04/Karneval-3.jpg 1618w" sizes="auto, (max-width: 1024px) 100vw, 1024px" /></figure>



<figure class="wp-block-gallery has-nested-images columns-default is-cropped wp-block-gallery-2 is-layout-flex wp-block-gallery-is-layout-flex"></figure>

<p>Čo je RIFUGIO? Projekt RIFUGIO a jeho tím vypomáha pri integrácii osôb s udeleným azylom a poskytnutou doplnkovou ochranou. Akú pomoc poskytuje? Ponúkame odbornú pomoc vo viacerých oblastiach integrácie ako je integrácia na trhu práce, sociálna, zdravotná a v neposlednom rade aj školská integrácia. Naši pracovnici a pracovníčky poskytujú sociálne poradenstvo, sociálne asistencie a sprievodné &hellip; </p>
