{"id":273,"date":"2022-04-08T17:54:00","date_gmt":"2022-04-08T15:54:00","guid":{"rendered":"https:\/\/nasiutecenci.sk\/rifugio\/?page_id=273"},"modified":"2024-04-20T18:53:56","modified_gmt":"2024-04-20T16:53:56","slug":"pravne_poradenstvo","status":"publish","type":"page","link":"https:\/\/nasiutecenci.sk\/rifugio\/pravne_poradenstvo\/","title":{"rendered":"Pr\u00e1vne poradenstvo"},"content":{"rendered":"\n<p class=\"has-small-font-size\">Pr\u00e1vne poradenstvo je poskytovan\u00e9 preva\u017ene v&nbsp;nasledovn\u00fdch oblastiach: &nbsp;<\/p>\n\n\n\n<ul class=\"has-small-font-size wp-block-list\">\n<li>v\u0161eobecn\u00fdch inform\u00e1cii o medzin\u00e1rodnej ochrane<\/li>\n\n\n\n<li>pred\u013a\u017eenia doplnkovej ochrany<\/li>\n\n\n\n<li>v&nbsp;pracovnej oblasti <\/li>\n\n\n\n<li>n\u00e1jomn\u00fdch zml\u00fav<\/li>\n\n\n\n<li>z\u00edskania pobytu alebo v\u00edz pre \u010fal\u0161\u00edch \u010dlenov rodiny<\/li>\n\n\n\n<li>v\u00fdmena vodi\u010dsk\u00e9ho preukazu vydan\u00e9ho v&nbsp;cudzine za slovensk\u00fd<\/li>\n\n\n\n<li>rodinn\u00fdch vz\u0165ahov \u2013 v\u00fd\u017eivn\u00e9, \u00faprava styku s&nbsp;malolet\u00fdmi de\u0165mi, rozvod man\u017eelstva<\/li>\n\n\n\n<li>uznania diplomu vydan\u00e9ho v&nbsp;zahrani\u010d\u00ed<\/li>\n\n\n\n<li>exek\u00facie<\/li>\n\n\n\n<li>udelenia dlhodob\u00e9ho pobytu<\/li>\n\n\n\n<li>udelenia \u0161t\u00e1tneho ob\u010dianstva. <\/li>\n<\/ul>\n\n\n\n<p class=\"has-vivid-cyan-blue-color has-text-color has-link-color has-small-font-size wp-elements-a6fb84cf9cf95234d31748c15251f048\"><strong>Term\u00edn pr\u00e1vneho poradenstva je potrebn\u00e9 si vopred dohodn\u00fa\u0165. <\/strong> <strong>Jedno pr\u00e1vne poradenstvo trv\u00e1 maxim\u00e1lne 1 hodinu<\/strong>.<\/p>\n\n\n\n<p class=\"has-small-font-size\">V r\u00e1mci zv\u00fd\u0161enia pr\u00e1vneho povedomia sa uskuto\u010d\u0148uj\u00fa 2 \u0161peci\u00e1lne pr\u00e1vne semin\u00e1re ro\u010dne, minim\u00e1lny okruh t\u00e9m je:<br>\u2022 Prav\u00e1 \u017eien a deti<br>\u2022 Predch\u00e1dzanie dom\u00e1cemu n\u00e1siliu<br>\u2022 Ob\u010dianske prav\u00e1<br>\u2022 Spravodliv\u00e9 a rovnak\u00e9 zaobch\u00e1dzanie<br>\u2022 Prav\u00e1 ute\u010dencov, \u013eudsk\u00e9 prav\u00e1 \u2013 \u0161peci\u00e1lny semin\u00e1r vytvoren\u00fd pre miestne organy.<\/p>\n\n\n\n<p class=\"has-small-font-size\" style=\"font-style:italic;font-weight:400\">Klienti m\u00e1ju inform\u00e1cie a mo\u017enos\u0165 aj obr\u00e1ti\u0165 sa na bezplatn\u00fa pr\u00e1vnu pomoc \u2013 Centrum pr\u00e1vnej pomoci, web: <a href=\"https:\/\/www.centrumpravnejpomoci.sk\/\">https:\/\/www.centrumpravnejpomoci.sk\/<\/a> Call centrum 0650 105 100, email: <a href=\"mailto:info@centrumpravnejpomoci.sk\">info@centrumpravnejpomoci.sk<\/a><\/p>\n\n\n\n<p><\/p>\n\n\n\n<p><\/p>\n\n\n\n<p class=\"has-medium-font-size\"><strong>Legal advice<\/strong><\/p>\n\n\n\n<p class=\"has-small-font-size\">Legal advice is provided mainly in the following areas:<\/p>\n\n\n\n<ul class=\"has-small-font-size wp-block-list\">\n<li>general information on international protection<\/li>\n\n\n\n<li>extension of subsidiary protection<\/li>\n\n\n\n<li>in the work area<\/li>\n\n\n\n<li>lease agreements<\/li>\n\n\n\n<li>obtaining a residence or visa for other family members<\/li>\n\n\n\n<li>exchange of a driving license issued abroad for a Slovak one<\/li>\n\n\n\n<li>family relations &#8211; alimony, regulation of contact with minor children, divorce<\/li>\n\n\n\n<li>recognition of a diploma issued abroad<\/li>\n\n\n\n<li>execution<\/li>\n\n\n\n<li>long-term residence permit<\/li>\n\n\n\n<li>granting of citizenship.<\/li>\n\n\n\n<li>Legal advice in other areas can be provided in agreement with the project staff.<\/li>\n<\/ul>\n\n\n\n<p class=\"has-vivid-cyan-blue-color has-text-color has-link-color has-small-font-size wp-elements-4cbffd033c5bea45b330db64b5f2ca9f\"><strong>The date of legal advice must be agreed in advance.<\/strong> <strong>One legal advice lasts a maximum of 1 hour<\/strong>.<\/p>\n\n\n\n<p class=\"has-small-font-size\">In order to increase legal awareness of refugees in Slovakia, 2 special legal seminars are held annually, the minimum range of topics is:<\/p>\n\n\n\n<ul class=\"wp-block-list\">\n<li class=\"has-small-font-size\">Rights of women and children<\/li>\n\n\n\n<li class=\"has-small-font-size\">Prevention of domestic violence<\/li>\n\n\n\n<li class=\"has-small-font-size\">Civil rights<\/li>\n\n\n\n<li class=\"has-small-font-size\">Fair and equal treatment<\/li>\n\n\n\n<li class=\"has-small-font-size\">Rights of refugees, human rights \u2013 a special seminar created for local authorities.<\/li>\n<\/ul>\n\n\n\n<p><\/p>\n\n\n\n<p class=\"has-small-font-size\" style=\"font-style:italic;font-weight:400\">Clients also have information and the opportunity to turn to free legal assistance provided by the Center for legal assistance, website: https:\/\/www.centrumpravnejpomoci.sk\/ Call center 0650 105 100, email: info@centrumpravnejpomoci.sk <\/p>\n","protected":false},"excerpt":{"rendered":"<p>Pr\u00e1vne poradenstvo je poskytovan\u00e9 preva\u017ene v&nbsp;nasledovn\u00fdch oblastiach: &nbsp; Term\u00edn pr\u00e1vneho poradenstva je potrebn\u00e9 si vopred dohodn\u00fa\u0165. Jedno pr\u00e1vne poradenstvo trv\u00e1 maxim\u00e1lne 1 hodinu. V r\u00e1mci zv\u00fd\u0161enia pr\u00e1vneho povedomia sa uskuto\u010d\u0148uj\u00fa 2 \u0161peci\u00e1lne pr\u00e1vne semin\u00e1re ro\u010dne, minim\u00e1lny okruh t\u00e9m je:\u2022 Prav\u00e1 \u017eien a deti\u2022 Predch\u00e1dzanie dom\u00e1cemu n\u00e1siliu\u2022 Ob\u010dianske prav\u00e1\u2022 Spravodliv\u00e9 a rovnak\u00e9 zaobch\u00e1dzanie\u2022 Prav\u00e1 ute\u010dencov, \u013eudsk\u00e9 &hellip; <\/p>\n","protected":false},"author":1,"featured_media":265,"parent":0,"menu_order":0,"comment_status":"closed","ping_status":"closed","template":"","meta":{"footnotes":""},"class_list":["post-273","page","type-page","status-publish","has-post-thumbnail","hentry"],"_links":{"self":[{"href":"https:\/\/nasiutecenci.sk\/rifugio\/wp-json\/wp\/v2\/pages\/273","targetHints":{"allow":["GET"]}}],"collection":[{"href":"https:\/\/nasiutecenci.sk\/rifugio\/wp-json\/wp\/v2\/pages"}],"about":[{"href":"https:\/\/nasiutecenci.sk\/rifugio\/wp-json\/wp\/v2\/types\/page"}],"author":[{"embeddable":true,"href":"https:\/\/nasiutecenci.sk\/rifugio\/wp-json\/wp\/v2\/users\/1"}],"replies":[{"embeddable":true,"href":"https:\/\/nasiutecenci.sk\/rifugio\/wp-json\/wp\/v2\/comments?post=273"}],"version-history":[{"count":11,"href":"https:\/\/nasiutecenci.sk\/rifugio\/wp-json\/wp\/v2\/pages\/273\/revisions"}],"predecessor-version":[{"id":491,"href":"https:\/\/nasiutecenci.sk\/rifugio\/wp-json\/wp\/v2\/pages\/273\/revisions\/491"}],"wp:featuredmedia":[{"embeddable":true,"href":"https:\/\/nasiutecenci.sk\/rifugio\/wp-json\/wp\/v2\/media\/265"}],"wp:attachment":[{"href":"https:\/\/nasiutecenci.sk\/rifugio\/wp-json\/wp\/v2\/media?parent=273"}],"curies":[{"name":"wp","href":"https:\/\/api.w.org\/{rel}","templated":true}]}}