{"id":278,"date":"2022-04-08T17:59:21","date_gmt":"2022-04-08T15:59:21","guid":{"rendered":"https:\/\/nasiutecenci.sk\/rifugio\/?page_id=278"},"modified":"2024-04-20T18:47:20","modified_gmt":"2024-04-20T16:47:20","slug":"psychologick%d0%b5poradenstvo","status":"publish","type":"page","link":"https:\/\/nasiutecenci.sk\/rifugio\/psychologick%d0%b5poradenstvo\/","title":{"rendered":"Psychologick\u00e9 poradenstvo"},"content":{"rendered":"\n<p class=\"has-small-font-size\" style=\"font-style:italic;font-weight:500\">Neviete presta\u0165 myslie\u0165 na svoje probl\u00e9my a \u0165a\u017ek\u00e9 sk\u00fasenosti?<br>M\u00e1te probl\u00e9my so sp\u00e1nkom?<br>Boj\u00edte sa o svoju bud\u00facnos\u0165?<br>M\u00e1te probl\u00e9m vych\u00e1dza\u0165 s \u013eu\u010fmi okolo v\u00e1s?<br>Je pre v\u00e1s \u0165a\u017ek\u00e9 prisp\u00f4sobi\u0165 sa novej situ\u00e1cii?<\/p>\n\n\n\n<p class=\"has-small-font-size\">Poskytujeme bezpe\u010dn\u00e9 miesto, kde sa m\u00f4\u017eete s odborn\u00edkom porozpr\u00e1va\u0165 o svojich pocitoch a starostiach a o veciach, o ktor\u00fdch neviete alebo si nie ste ist\u00ed, ako postupova\u0165.<\/p>\n\n\n\n<p class=\"has-small-font-size\">\u200bS\u00fa\u010das\u0165ou psychologick\u00fdch slu\u017eieb s\u00fa aj&nbsp;<strong>d\u00f4vern\u00e9&nbsp;rozhovory&nbsp;so psychol\u00f3gom<\/strong>, ktor\u00e9 sa m\u00f4\u017eu t\u00fdka\u0165 \u0161irok\u00e9ho okruhu z\u00e1le\u017eitost\u00ed:<\/p>\n\n\n\n<ul class=\"has-small-font-size wp-block-list\">\n<li>osobn\u00e9, vz\u0165ahov\u00e9 alebo rodinn\u00e9 probl\u00e9my a \u0165a\u017ekosti s v\u00fdchovou det\u00ed<\/li>\n\n\n\n<li>zvl\u00e1danie stresu, budovanie psychickej odolnosti<\/li>\n\n\n\n<li>pr\u00e1ca na uzdraven\u00ed z psychick\u00fdch zranen\u00ed \/ tr\u00e1um<\/li>\n<\/ul>\n\n\n\n<p class=\"has-small-font-size\">Poradca v\u00e1m nem\u00f4\u017ee diagnostikova\u0165 ani v\u00e1m da\u0165 lieky, ale prostredn\u00edctvom rozhovoru v\u00e1m pom\u00f4\u017ee n\u00e1js\u0165 odpovede a rie\u0161enia. Rozhovor n\u00e1m m\u00f4\u017ee pom\u00f4c\u0165 zbavi\u0165 sa nahromaden\u00fdch pocitov strachu, frustr\u00e1cie, hnevu, sm\u00fatku.<\/p>\n\n\n\n<p class=\"has-small-font-size\"><strong>Konzult\u00e1cie s\u00fa poskytovan\u00e9 v slovenskom jazyku s tlmo\u010den\u00edm kult\u00farneho medi\u00e1tora alebo prebiehaj\u00fa v&nbsp;angli\u010dtine. <\/strong><\/p>\n\n\n\n<p class=\"has-small-font-size\">M\u00f4\u017eu by\u0165 poskytovan\u00e9 kr\u00e1tkodobo a aj dlhodobo a d\u013a\u017eka jednej konzult\u00e1cie je&nbsp;cca&nbsp;60 min\u00fat.<\/p>\n\n\n\n<p><\/p>\n\n\n\n<p class=\"has-medium-font-size\"><strong>Mental heath help <\/strong><\/p>\n\n\n\n<p class=\"has-small-font-size\" style=\"font-style:italic;font-weight:500\">You can\u2019t stop thinking about your problems and difficult experiences?<br>You\u2019re having trouble sleeping?<br>You\u2019re worried about your future?<br>You\u2019re having problems gett ing along with people around you?<br>It\u2019s hard for you to adjust to your new situation?<\/p>\n\n\n\n<p class=\"has-small-font-size\">We provide a safe place where you can talk with a professional about your feelings and worries, and the things you don\u2019t know or are not sure how to handle.<\/p>\n\n\n\n<p class=\"has-small-font-size\">Psychological services also include <strong>confidential talk with a psychologist<\/strong>, which can cover a wide range of issues:<\/p>\n\n\n\n<ul class=\"has-small-font-size wp-block-list\">\n<li>personal, relationship or family problems and difficulties in raising children<\/li>\n\n\n\n<li>stress management, building mental resilience<\/li>\n\n\n\n<li>work to recover from mental injuries \/ trauma<\/li>\n<\/ul>\n\n\n\n<p class=\"has-small-font-size\">The counsellor can\u2019t diagnose you or give you medicine, but through conversation he helps you find the answers and solutions. Conversation can help us in relieving accumulated feelings of worry, fear, frustration, anger, sadness.<\/p>\n\n\n\n<p class=\"has-small-font-size\"><strong>The consultations are provided in Slovak with the interpretation of a cultural mediator or take place in English.<\/strong><\/p>\n\n\n\n<p class=\"has-small-font-size\">They can be provided short-term as well as long-term and the length of one consultation is about 60 minutes.<\/p>\n\n\n\n<div data-wp-interactive=\"core\/file\" class=\"wp-block-file\"><object data-wp-bind--hidden=\"!state.hasPdfPreview\" hidden class=\"wp-block-file__embed\" data=\"https:\/\/nasiutecenci.sk\/rifugio\/wp-content\/uploads\/2024\/04\/RC_Take_Care_of_Yourself_poster_3_EN.pdf\" type=\"application\/pdf\" style=\"width:100%;height:600px\" aria-label=\"Vlo\u017ei\u0165 RC_Take_Care_of_Yourself_poster_3_EN.\"><\/object><a id=\"wp-block-file--media-90dc5fc9-5c70-4404-94be-30fe214a0a66\" href=\"https:\/\/nasiutecenci.sk\/rifugio\/wp-content\/uploads\/2024\/04\/RC_Take_Care_of_Yourself_poster_3_EN.pdf\">RC_Take_Care_of_Yourself_poster_3_EN<\/a><a href=\"https:\/\/nasiutecenci.sk\/rifugio\/wp-content\/uploads\/2024\/04\/RC_Take_Care_of_Yourself_poster_3_EN.pdf\" class=\"wp-block-file__button wp-element-button\" download aria-describedby=\"wp-block-file--media-90dc5fc9-5c70-4404-94be-30fe214a0a66\">Stiahnu\u0165<\/a><\/div>\n\n\n\n<div data-wp-interactive=\"core\/file\" class=\"wp-block-file\"><object data-wp-bind--hidden=\"!state.hasPdfPreview\" hidden class=\"wp-block-file__embed\" data=\"https:\/\/nasiutecenci.sk\/rifugio\/wp-content\/uploads\/2024\/04\/RC_Take_Care_of_Yourself_poster_3_AR.pdf\" type=\"application\/pdf\" style=\"width:100%;height:600px\" aria-label=\"Vlo\u017ei\u0165 RC_Take_Care_of_Yourself_poster_3_AR.\"><\/object><a id=\"wp-block-file--media-60e698b0-4031-45f9-8ac4-aaf8380bb620\" href=\"https:\/\/nasiutecenci.sk\/rifugio\/wp-content\/uploads\/2024\/04\/RC_Take_Care_of_Yourself_poster_3_AR.pdf\">RC_Take_Care_of_Yourself_poster_3_AR<\/a><a href=\"https:\/\/nasiutecenci.sk\/rifugio\/wp-content\/uploads\/2024\/04\/RC_Take_Care_of_Yourself_poster_3_AR.pdf\" class=\"wp-block-file__button wp-element-button\" download aria-describedby=\"wp-block-file--media-60e698b0-4031-45f9-8ac4-aaf8380bb620\">Stiahnu\u0165<\/a><\/div>\n\n\n\n<div data-wp-interactive=\"core\/file\" class=\"wp-block-file\"><object data-wp-bind--hidden=\"!state.hasPdfPreview\" hidden class=\"wp-block-file__embed\" data=\"https:\/\/nasiutecenci.sk\/rifugio\/wp-content\/uploads\/2024\/04\/Poster-Talking-to-children-about-war-1.pdf\" type=\"application\/pdf\" style=\"width:100%;height:600px\" aria-label=\"Vlo\u017ei\u0165 Poster-Talking-to-children-about-war-1.\"><\/object><a id=\"wp-block-file--media-cf4fbd8f-e553-4378-b41a-e4279e1f8955\" href=\"https:\/\/nasiutecenci.sk\/rifugio\/wp-content\/uploads\/2024\/04\/Poster-Talking-to-children-about-war-1.pdf\">Poster-Talking-to-children-about-war-1<\/a><a href=\"https:\/\/nasiutecenci.sk\/rifugio\/wp-content\/uploads\/2024\/04\/Poster-Talking-to-children-about-war-1.pdf\" class=\"wp-block-file__button wp-element-button\" download aria-describedby=\"wp-block-file--media-cf4fbd8f-e553-4378-b41a-e4279e1f8955\">Stiahnu\u0165<\/a><\/div>\n\n\n","protected":false},"excerpt":{"rendered":"<p>Neviete presta\u0165 myslie\u0165 na svoje probl\u00e9my a \u0165a\u017ek\u00e9 sk\u00fasenosti?M\u00e1te probl\u00e9my so sp\u00e1nkom?Boj\u00edte sa o svoju bud\u00facnos\u0165?M\u00e1te probl\u00e9m vych\u00e1dza\u0165 s \u013eu\u010fmi okolo v\u00e1s?Je pre v\u00e1s \u0165a\u017ek\u00e9 prisp\u00f4sobi\u0165 sa novej situ\u00e1cii? Poskytujeme bezpe\u010dn\u00e9 miesto, kde sa m\u00f4\u017eete s odborn\u00edkom porozpr\u00e1va\u0165 o svojich pocitoch a starostiach a o veciach, o ktor\u00fdch neviete alebo si nie ste ist\u00ed, ako &hellip; <\/p>\n","protected":false},"author":1,"featured_media":266,"parent":0,"menu_order":0,"comment_status":"closed","ping_status":"closed","template":"","meta":{"footnotes":""},"class_list":["post-278","page","type-page","status-publish","has-post-thumbnail","hentry"],"_links":{"self":[{"href":"https:\/\/nasiutecenci.sk\/rifugio\/wp-json\/wp\/v2\/pages\/278","targetHints":{"allow":["GET"]}}],"collection":[{"href":"https:\/\/nasiutecenci.sk\/rifugio\/wp-json\/wp\/v2\/pages"}],"about":[{"href":"https:\/\/nasiutecenci.sk\/rifugio\/wp-json\/wp\/v2\/types\/page"}],"author":[{"embeddable":true,"href":"https:\/\/nasiutecenci.sk\/rifugio\/wp-json\/wp\/v2\/users\/1"}],"replies":[{"embeddable":true,"href":"https:\/\/nasiutecenci.sk\/rifugio\/wp-json\/wp\/v2\/comments?post=278"}],"version-history":[{"count":7,"href":"https:\/\/nasiutecenci.sk\/rifugio\/wp-json\/wp\/v2\/pages\/278\/revisions"}],"predecessor-version":[{"id":488,"href":"https:\/\/nasiutecenci.sk\/rifugio\/wp-json\/wp\/v2\/pages\/278\/revisions\/488"}],"wp:featuredmedia":[{"embeddable":true,"href":"https:\/\/nasiutecenci.sk\/rifugio\/wp-json\/wp\/v2\/media\/266"}],"wp:attachment":[{"href":"https:\/\/nasiutecenci.sk\/rifugio\/wp-json\/wp\/v2\/media?parent=278"}],"curies":[{"name":"wp","href":"https:\/\/api.w.org\/{rel}","templated":true}]}}